{"id":542,"date":"2023-08-17T09:23:47","date_gmt":"2023-08-17T12:23:47","guid":{"rendered":"https:\/\/trackprime.com.br\/loja\/?post_type=product&#038;p=542"},"modified":"2026-04-12T10:41:57","modified_gmt":"2026-04-12T13:41:57","slug":"rastreador-veicular-sem-fio-obd2-4g","status":"publish","type":"product","link":"https:\/\/trackprime.com.br\/loja\/product\/rastreador-veicular-sem-fio-obd2-4g\/","title":{"rendered":"Rastreador Veicular Sem Fio OBD2 4g"},"content":{"rendered":"<p>Seja bem vindo a Loja da Track Prime &#8211; Especialista em rastreamento!<\/p>\n<p>Rastreador Veicular ODB2 PLUG&amp;PLAY, Sem Fio e f\u00e1cil instala\u00e7\u00e3o !<\/p>\n<p>Esse Rastreador n\u00e3o tem a Fun\u00e7\u00e3o De BLOQUEIO.<\/p>\n<p>&#8211; Promo\u00e7\u00e3o por tempo limitado &#8211; INCLUSO A PRIMEIRA MENSALIDADE NA COMPRA!!!<\/p>\n<p>&#8211; Produto j\u00e1 vai configurado, basta somente plugar e solicitar seus dados de acesso ao nosso suporte.<\/p>\n<p>&#8211; J\u00e1 acompanha GR\u00c1TIS Chip 4G M2M Multioperadora (Vivo, Tim e Claro) de dados pr\u00f3prio para rastreador com aplicativo com cobertura em todo territ\u00f3rio nacional<\/p>\n<p>&#8211; Conhe\u00e7a um pouco mais do produto Rastreador TK-PRIME ODB 4G:<\/p>\n<p>Fun\u00e7\u00f5es:<br \/>\n\u00b7 Rastreamento em tempo real por sms\/gprs;<br \/>\n\u00b7 Acc para detectar igni\u00e7\u00e3o;<br \/>\n\u00b7 Alarme de velocidade;<br \/>\n\u00b7 Acc alarme anti-roubo;<br \/>\n\u00b7 Bateria interna<br \/>\n\u00b7 Rede 4g &amp; 2g<\/p>\n<p>&#8211; Todos os dispositivos s\u00e3o testados antes do envio.<br \/>\n&#8211; Suporte 24 horas gr\u00e1tis<br \/>\n&#8211; Login Aplicativo e Plataforma:<\/p>\n<p>COMO FUNCIONA AP\u00d3S RECEBER O PRODUTO.<\/p>\n<p>&#8211; Voc\u00ea dever\u00e1 entrar em contato com nosso suporte para CADASTRAR seu login e senha assim que receber o PRODUTO, ou no prazo m\u00e1ximo de at\u00e9 30 dias da data do envio, ap\u00f3s este prazo o chip poder\u00e1 ser CANCELADO sem aviso pr\u00e9vio.<\/p>\n<p>SOBRE A PLATAFORMA:<\/p>\n<p>&#8211; Plataforma Toda em Portugu\u00eas.<br \/>\n&#8211; Plataforma Profissional<br \/>\n&#8211; Pronta e configurada com seu login e senha.<br \/>\n&#8211; Rastreamento em tempo real (atualiza\u00e7\u00e3o a cada 30 segundos)<br \/>\n&#8211; Compartilhamento da localiza\u00e7\u00e3o do veiculo em tempo real.<br \/>\n&#8211; Hist\u00f3rico de Trajetos<br \/>\n&#8211; Alerta de movimenta\u00e7\u00e3o<br \/>\n&#8211; Alerta de Igni\u00e7\u00e3o Ligada<br \/>\n&#8211; Alerta de Igni\u00e7\u00e3o Desligada<br \/>\n&#8211; Alerta Excesso de Velocidade<br \/>\n&#8211; Posi\u00e7\u00e3o em Tempo Real<br \/>\n&#8211; Cerca Virtual<br \/>\n&#8211; Monitoramento de ve\u00edculos \/ frotas \/ cargas em tempo real.<br \/>\n&#8211; Aplicativo para android e iOS com alertas sonoros<\/p>\n<p>D\u00daVIDAS SOBRE O PLANO MENSAL<\/p>\n<p>Custo somente de R$39,99 reais por m\u00eas (Chip M2M + Aplicativo + Plataforma) podendo ser pago via boleto, PIX ou cart\u00e3o.<\/p>\n<p>Tem contrato, ades\u00e3o, fidelidade?<br \/>\nR. N\u00e3o, poder\u00e1 ser cancelado a qualquer momento. Basta nos avisar que nao deseja utilizar mais.<\/p>\n<p>Item Especifica\u00e7\u00e3o<\/p>\n<p>Lista do pacote:<\/p>\n<p>1 *TK-PRIME ODB 4G unidade principal original (Configurado)<br \/>\n1 *Chip M2M Multioperadora (Vivo, Tim e Claro) com cobertura em todo territ\u00f3rio Nacional<br \/>\n1 *Manual de Instalacao em Portugues.<br \/>\n1 *Plataforma de rastreamento profissional em Portugues. (Com seu Login e Senha)<\/p>\n<p>Duvidas Frequentes :<\/p>\n<p>&#8211; O rastreador \u00e9 via sat\u00e9lite?<br \/>\nR: Sim, funciona via sat\u00e9lite com a captura das coordenadas no m\u00f3dulo interno, utilizando o chip de dados (m2m) somente para transmitir para seu celular\/computador.<\/p>\n<p>-Funciona em todo o Brasil?<br \/>\nR: Sim, Cobertura em todo territ\u00f3rio nacional (salvo em \u00e1reas que n\u00e3o h\u00e1 cobertura Pelas Operadoras).<\/p>\n<p>-Posso colocar em mais de um celular o Aplicativo?<br \/>\nR: Sim, o acesso e ilimitado, basta baixar o aplicativo em quantos aparelhos desejar e inserir o login e senha.<\/p>\n<p>-Posso acompanhar mais de 1 veciulo pela mesma conta?<br \/>\nR: Sim, a quantidade e ilimitada.<\/p>\n<p>&#8211; Qual o valor da Mensalidade ?<br \/>\nR: R$39,99 Mensal.<\/p>\n<p>&#8211; Em quanto tempo ser\u00e1 enviado o meu equipamento ?<br \/>\nR: O envio da encomenda ser\u00e1 feito em at\u00e9 24 horas, ap\u00f3s a confirma\u00e7\u00e3o da compra.<br \/>\nEnviamos para todo o Brasil e temos pronta entrega.<\/p>\n<p>&#8211; Em quanto tempo meu acesso \u00e9 liberado?<br \/>\nR: Ap\u00f3s a instala\u00e7\u00e3o do rastreador, Entre em contato com a nossa equipe pelo whatppe o seu acesso estara liberado de imediato.<\/p>\n<p>&#8211; Quais as formas que eu tenho para acessar a plataforma?<br \/>\nR: Voc\u00ea pode acessar nossa plataforma de duas formas. Utilizando o computador atrav\u00e9s de um navegador ou pelo nosso aplicativo para Android e iOS).<\/p>\n<p>Caso tenha alguma d\u00favida por favor envie a sua pergunta.<\/p>\n<p>Garantia do vendedor: 3 meses<\/p>\n<p>Se ainda ficou com alguma d\u00favida, fique a vontade para entrar em contato via chat.<br \/>\nObrigado!<\/p>\n","protected":false},"excerpt":{"rendered":"<p>Seja bem vindo a Loja da Track Prime &#8211; Especialista em rastreamento! Rastreador Veicular ODB2 PLUG&amp;PLAY, Sem Fio e f\u00e1cil instala\u00e7\u00e3o ! Esse Rastreador n\u00e3o tem a Fun\u00e7\u00e3o De BLOQUEIO. &#8211; Promo\u00e7\u00e3o por tempo limitado &#8211; INCLUSO A PRIMEIRA MENSALIDADE NA COMPRA!!! &#8211; Produto j\u00e1 vai configurado, basta somente plugar e solicitar seus dados de [&hellip;]<\/p>\n","protected":false},"featured_media":1005,"comment_status":"open","ping_status":"closed","template":"","meta":[],"product_cat":[21],"product_tag":[],"_links":{"self":[{"href":"https:\/\/trackprime.com.br\/loja\/wp-json\/wp\/v2\/product\/542"}],"collection":[{"href":"https:\/\/trackprime.com.br\/loja\/wp-json\/wp\/v2\/product"}],"about":[{"href":"https:\/\/trackprime.com.br\/loja\/wp-json\/wp\/v2\/types\/product"}],"replies":[{"embeddable":true,"href":"https:\/\/trackprime.com.br\/loja\/wp-json\/wp\/v2\/comments?post=542"}],"wp:featuredmedia":[{"embeddable":true,"href":"https:\/\/trackprime.com.br\/loja\/wp-json\/wp\/v2\/media\/1005"}],"wp:attachment":[{"href":"https:\/\/trackprime.com.br\/loja\/wp-json\/wp\/v2\/media?parent=542"}],"wp:term":[{"taxonomy":"product_cat","embeddable":true,"href":"https:\/\/trackprime.com.br\/loja\/wp-json\/wp\/v2\/product_cat?post=542"},{"taxonomy":"product_tag","embeddable":true,"href":"https:\/\/trackprime.com.br\/loja\/wp-json\/wp\/v2\/product_tag?post=542"}],"curies":[{"name":"wp","href":"https:\/\/api.w.org\/{rel}","templated":true}]}}