{"id":13,"date":"2023-08-02T17:14:18","date_gmt":"2023-08-02T20:14:18","guid":{"rendered":"https:\/\/trackprime.com.br\/loja\/?post_type=product&#038;p=13"},"modified":"2026-03-16T14:07:30","modified_gmt":"2026-03-16T17:07:30","slug":"rastreador-e-bloqueador-tkprime-4g-com-bateria-interna","status":"publish","type":"product","link":"https:\/\/trackprime.com.br\/loja\/product\/rastreador-e-bloqueador-tkprime-4g-com-bateria-interna\/","title":{"rendered":"TKPRIME4G &#8211; Rastreador e Bloqueador 4G c\/ Chip M2M e Chicote"},"content":{"rendered":"<p>Seja bem vindo a Loja da Track Prime &#8211; Especialista em rastreamento!<\/p>\n<p>Rastreador Bloqueador Veicular 4G TK-PRIME Para Carro, Moto, Caminhao, Vans, \u00d3nibus e Transportes Aqu\u00e1ticos.<\/p>\n<p>&#8211; Promo\u00e7\u00e3o por tempo limitado &#8211; INCLUSO A PRIMEIRA MENSALIDADE E CONFIGURA\u00c7\u00c3O NA COMPRA!!!<\/p>\n<p>&#8211; Realizando a compra hoje, voc\u00ea somente instala e n\u00f3s realizamos toda configura\u00e7\u00e3o remotamente e te entregamos pronto!<\/p>\n<p>&#8211; J\u00e1 acompanha GR\u00c1TIS Chip 4G M2M Multioperadora (Vivo, Tim e Claro) de dados pr\u00f3prio para rastreador com aplicativo.<\/p>\n<p>&#8211; Conhe\u00e7a um pouco mais do produto Rastreador TK-PRIME 4G:<\/p>\n<p>Fun\u00e7\u00f5es:<br \/>\n\u00b7 Rastreamento em tempo real por sms\/gprs;<br \/>\n\u00b7 Alarme de desligamento de energia principal;<br \/>\n\u00b7 Acc para detectar igni\u00e7\u00e3o;<br \/>\n\u00b7 Alarme de velocidade;<br \/>\n\u00b7 Acc alarme anti-roubo;<br \/>\n\u00b7 Bateria interna<br \/>\n\u00b7 Built-in bateria de backup para realizar o alarme de falha de energia;<br \/>\n\u00b7 Conecte o rel\u00e9 externo para realizar o \u00f3leo de controle e o circuito do ve\u00edculo (opcional) \u00b7<br \/>\n\u00b7 Rede 4g<\/p>\n<p>&#8211; Todos os dispositivos s\u00e3o testados antes do envio.<br \/>\n&#8211; Login Aplicativo e Plataforma:<br \/>\nSer\u00e3o enviados para voc\u00ea atrav\u00e9s do chat.<\/p>\n<p>Basta somente ligar no veiculo e n\u00f3s realizamos toda configura\u00e7\u00e3o remotamente e enviamos seus dados de acesso a plataforma.<\/p>\n<p>COMO FUNCIONA AP\u00d3S RECEBER O PRODUTO.<\/p>\n<p>&#8211; Voc\u00ea dever\u00e1 entrar em contato com nosso suporte para CADASTRAR seu login e senha assim que receber o PRODUTO, ou no prazo m\u00e1ximo de at\u00e9 30 dias da data do envio, ap\u00f3s este prazo o chip poder\u00e1 ser CANCELADO sem aviso pr\u00e9vio.<\/p>\n<p>SOBRE A PLATAFORMA:<\/p>\n<p>&#8211; Plataforma Toda em Portugu\u00eas.<br \/>\n&#8211; Plataforma Profissional<br \/>\n&#8211; Pronta e configurada com seu login e senha.<br \/>\n&#8211; Rastreamento em tempo real (atualiza\u00e7\u00e3o a cada 30 segundos)<br \/>\n&#8211; Compartilhamento da localiza\u00e7\u00e3o do veiculo em tempo real.<br \/>\n&#8211; Hist\u00f3rico de Trajetos<br \/>\n&#8211; Alerta de movimenta\u00e7\u00e3o<br \/>\n&#8211; Alerta de Igni\u00e7\u00e3o Ligada<br \/>\n&#8211; Alerta de Igni\u00e7\u00e3o Desligada<br \/>\n&#8211; Alerta Excesso de Velocidade<br \/>\n&#8211; Posi\u00e7\u00e3o em Tempo Real<br \/>\n&#8211; Cerca Virtual<br \/>\n&#8211; Monitoramento de ve\u00edculos \/ frotas \/ cargas em tempo real.<br \/>\n&#8211; Aplicativo para android e iOS com alertas sonoros<\/p>\n<p>D\u00daVIDAS SOBRE O PLANO MENSAL<\/p>\n<p>Custo somente de R$ 39,99 reais por m\u00eas (Chip M2M + Aplicativo + Plataforma) podendo ser pago via boleto, PIX ou cart\u00e3o.<\/p>\n<p>Tem contrato, ades\u00e3o, fidelidade?<br \/>\nR. N\u00e3o, poder\u00e1 ser cancelado a qualquer momento. Basta nos avisar que nao deseja utilizar mais.<\/p>\n<p>Item Especifica\u00e7\u00e3o<\/p>\n<p>Lista do pacote:<\/p>\n<p>1 *TK-PRIME 4G unidade principal original (Configurado)<br \/>\n1* chicote de instala\u00e7\u00e3o<br \/>\n1 *Chip M2M Multioperadora (Vivo, Tim e Claro) com cobertura em todo territ\u00f3rio Nacional<br \/>\n1 *Manual de Instalacao em Portugues.<br \/>\n1 *Plataforma de rastreamento profissional em Portugues. (Com seu Login e Senha)<\/p>\n<p>Garantia de: 3 meses<\/p>\n","protected":false},"excerpt":{"rendered":"<p>Seja bem vindo a Loja da Track Prime &#8211; Especialista em rastreamento! Rastreador Bloqueador Veicular 4G TK-PRIME Para Carro, Moto, Caminhao, Vans, \u00d3nibus e Transportes Aqu\u00e1ticos. &#8211; Promo\u00e7\u00e3o por tempo limitado &#8211; INCLUSO A PRIMEIRA MENSALIDADE E CONFIGURA\u00c7\u00c3O NA COMPRA!!! &#8211; Realizando a compra hoje, voc\u00ea somente instala e n\u00f3s realizamos toda configura\u00e7\u00e3o remotamente e [&hellip;]<\/p>\n","protected":false},"featured_media":1038,"comment_status":"open","ping_status":"closed","template":"","meta":[],"product_cat":[18],"product_tag":[],"_links":{"self":[{"href":"https:\/\/trackprime.com.br\/loja\/wp-json\/wp\/v2\/product\/13"}],"collection":[{"href":"https:\/\/trackprime.com.br\/loja\/wp-json\/wp\/v2\/product"}],"about":[{"href":"https:\/\/trackprime.com.br\/loja\/wp-json\/wp\/v2\/types\/product"}],"replies":[{"embeddable":true,"href":"https:\/\/trackprime.com.br\/loja\/wp-json\/wp\/v2\/comments?post=13"}],"wp:featuredmedia":[{"embeddable":true,"href":"https:\/\/trackprime.com.br\/loja\/wp-json\/wp\/v2\/media\/1038"}],"wp:attachment":[{"href":"https:\/\/trackprime.com.br\/loja\/wp-json\/wp\/v2\/media?parent=13"}],"wp:term":[{"taxonomy":"product_cat","embeddable":true,"href":"https:\/\/trackprime.com.br\/loja\/wp-json\/wp\/v2\/product_cat?post=13"},{"taxonomy":"product_tag","embeddable":true,"href":"https:\/\/trackprime.com.br\/loja\/wp-json\/wp\/v2\/product_tag?post=13"}],"curies":[{"name":"wp","href":"https:\/\/api.w.org\/{rel}","templated":true}]}}